 p + 154, i + p - 26 = 0. What is the remainder when i is divided by (0 - -2)*(5 + -1)?
6
Let a(p) = -p**3 - 7*p**2 + 46*p + 84. Calculate the remainder when 670 is divided by a(-11).
50
Suppose 2*z = -3 + 7. Suppose z*s + 57 = 5*s. Calculate the remainder when ((-776)/(-20) + -2)*5/2 is divided by s.
16
Suppose 8 = y + 1. Let n(u) = 15*u - 10. Let d = -9 - -41. Calculate the remainder when n(y) is divided by d.
31
Suppose -25 = 5*x, -x - 4*x = o + 60. Let l = o - -50. Suppose 6 = -2*p + 26. What is the remainder when l is divided by p?
5
Let z = 69 + -65. Suppose 5*m + z*w - 277 - 136 = 0, 0 = -m - w + 83. Calculate the remainder when m is divided by 41.
40
Suppose -y = 6*y. Suppose -185 = 2*f - y*f + 3*l, l - 250 = 3*f. Let r = f + 99. What is the remainder when 53 is divided by r?
11
Let w = 11837 + -11383. What is the remainder when w is divided by 143?
25
Let h be -1*(4 + 12/2 + -3). Let q = 67 + h. Calculate the remainder when q is divided by 17.
9
Let p = 20994 + -20020. What is the remainder when p is divided by 18?
2
Suppose -13 = -4*a + 15. Let y be 1 + (4 + -88 - (-1 - 2)). What is the remainder when 37 - ((-6)/(-21) - y/(-35)) is divided by a?
4
Suppose 0 = -j - 62 - 209. Let k = -255 - j. Calculate the remainder when k is divided by 2.
0
Let a(r) = 1081*r + 3270. Suppose g + 2*o = 4*g - 30, -g + 2*o + 10 = 0. Calculate the remainder when a(-3) is divided by g.
7
Let f = 13 + 82. What is the remainder when f is divided by (4/10)/(((-30)/(-400))/(72/32))?
11
Let l = -374 + 409. Suppose 4*x - l = -r + 51, r + 112 = 5*x. Calculate the remainder when 64 is divided by x.
20
Let t(u) = -u**3 + 27*u**2 - 75*u + 2518. What is the remainder when t(26) is divided by 15?
14
Let c(u) = 16*u - 2. Let j = 1911 + -1888. What is the remainder when j is divided by c(1)?
9
Suppose -3*s = -4*b + 104 + 101, -3*s = -15. Calculate the remainder when b is divided by -3 - (-111)/(6 + -3).
21
Suppose -13 + 4 = x. Let y = -3 - x. What is the remainder when 23 is divided by 9 + -2 - (y - 2)/2?
3
Suppose -288*i + 301*i = 26. Suppose -5*x = 2*f - 522, -71 = -x - i*f + 35. Let c(l) = 6*l**2 + 3*l - 3. Calculate the remainder when x is divided by c(2).
23
Suppose -27*o = -6059 + 3251. What is the remainder when 1556 is divided by o?
100
Suppose -23*i + 4332 = -4*i. Let q = i + -220. What is the remainder when 58 is divided by q?
2
Suppose -4*l + 3*i + 1388 = 0, -215 + 239 = 3*i. What is the remainder when 2476 is divided by l?
5
Suppose 3183 = -25*w + 3458. Calculate the remainder when 985 is divided by w.
6
Let a(h) = 23*h**2 - 4*h - 4. Let i be a(-1). Let p = i - 21. Suppose 4*k + 74 = 5*k + 2*r, 0 = -p*k + r + 133. Calculate the remainder when k is divided by 18.
14
Let s(m) = -117*m**3 - 3*m**2 - 16*m - 25. Let w be s(-2). Suppose 5*c - 3*f - w = 0, -c + f - 191 = -2*c. Calculate the remainder when c is divided by 24.
20
Suppose s = 4*d - 42, 0 = 3*s + 5*d - 0*d + 41. Let w = -37 - s. Calculate the remainder when 45/6*(-190)/w is divided by 20.
15
Let n = 28 - 16. Suppose -2*l = 5*h + n, -h + 3 = -4*h + 3*l. Let f(a) = -a**3 - 2. Calculate the remainder when 57 is divided by f(h).
3
Suppose 556*x - 553*x - 2103 = 0. What is the remainder when x is divided by 101?
95
Suppose -3*o - 4*u = -23, u = -22*o + 17*o + 44. Calculate the remainder when -4 - -7*(2 + 6) is divided by o.
7
Suppose 13*y - 777 = 237. Let o = y + 37. Calculate the remainder when o is divided by 20.
15
Suppose -36*r + 2423 + 846 + 835 = 0. What is the remainder when 565 is divided by r?
109
Let x = -62 + 52. Let u be 60/(-25) + 6/x. Let y = 16 - u. What is the remainder when 73 is divided by y?
16
Suppose 4*x = -79 + 383. Suppose x = 2*f - f. Calculate the remainder when f is divided by 42.
34
Let d = 11370 - 11330. What is the remainder when 597 is divided by d?
37
Let b(j) = -318*j - 1145. What is the remainder when 826 is divided by b(-4)?
64
Suppose -25*d - 32757 = -10732. Let s = d + 890. Calculate the remainder when 20 is divided by s.
2
Let x = 34147 + -34039. What is the remainder when 994 is divided by x?
22
Let f = 44992 - 44984. Suppose 0 = 2*k - 5*k + 282. Calculate the remainder when k is divided by f.
6
Suppose 0 = -116*t + 115*t - 2*d + 197, 0 = -5*t - 4*d + 997. Calculate the remainder when 799 is divided by t.
196
Let r(z) = -z**2 + 9*z - 4. Suppose 163 = 3*p - 2*q, 0 = -q + 3*q - 8. What is the remainder when p is divided by r(5)?
9
Let d(s) = -19*s - 15*s + 30*s - 20. Let n be d(-12). What is the remainder when 21 is divided by (12/14)/(2/n)?
9
Suppose 17*b - 63 = 8*b. Let m = 25 - 27. What is the remainder when 2 + -18*(1 + m) is divided by b?
6
Suppose 15 = -7*v + 4*v. Let d(r) = -12*r - 12. Calculate the remainder when d(v) is divided by 31.
17
What is the remainder when (513/76)/(3/32) is divided by 39?
33
Suppose -2*k + o + 2866 = 4*o, 3*o + 5768 = 4*k. What is the remainder when k is divided by 8?
7
Let x = 1896 + -1810. What is the remainder when 226 is divided by x?
54
Suppose -a + 66 = 7. Suppose 52 - a = f. Let w(m) = -m**2 - 13*m - 38. What is the remainder when 62 is divided by w(f)?
2
Let z = 26576 + -25114. Calculate the remainder when z is divided by 147.
139
Suppose 207*c - 27 = 204*c. Suppose -c*k = -12*k + 390. Calculate the remainder when k is divided by 47.
36
Let n = -37 + 40. Let g(q) = -n + 15*q + q**2 + 13 + 5 + 11. What is the remainder when 28 is divided by g(-14)?
4
Let h(n) = n**3 + 3*n**2 - n - 11. Let w be h(-8). Let b = 379 + w. What is the remainder when 91 is divided by b?
35
Suppose 5*j + 3*n = 7*n + 103, -4*n + 11 = j. Suppose -275 = 8*m - j*m. Calculate the remainder when 94 is divided by m.
19
Suppose 9*l - 13*l = -272. Suppose -3*j - l = 37. Let h = j - -57. What is the remainder when h is divided by 6?
4
Let r(m) = m**2 - 3*m + 3. Let x = -64 + 68. Suppose 4*q = 227 + 161. What is the remainder when q is divided by r(x)?
6
Let x = 25 + -15. Suppose 268 = 4*p + 16. Let n = p - 55. Calculate the remainder when x is divided by n.
2
Suppose -8825 = -2*o + 49*c - 44*c, o - 4423 = 4*c. Calculate the remainder when o is divided by 8.
3
Let m = 199 - -20. Suppose -54*b = m - 867. Suppose 2*i - 5*k = -2*i + 191, 3*i - 4*k - 144 = 0. What is the remainder when i is divided by b?
8
Let n be 2 - 6*3/(-6). Suppose n*l = 330 - 90. Suppose -3 = o + h + 4*h, l = 5*o + 4*h. Calculate the remainder when o is divided by 4.
0
Calculate the remainder when 926 is divided by (-207)/(-828)*(61 - 1).
11
Let w be ((-561)/(-34))/(1/2*-1). Let h = 38 + w. Suppose h*n = -5*r + 13 + 42, r - 3*n = 3. What is the remainder when r is divided by 6?
3
Let x(b) = -6*b**3 + 142*b**2 + 102*b + 2. Calculate the remainder when 6493 is divided by x(24).
3
Calculate the remainder when (-2 + 1)*26/4*-22 is divided by 2323/115 - 12/(-15).
17
Suppose -3*i + 127 = 163. Calculate the remainder when 24 + i - (0 + -6) is divided by 14.
4
Suppose -s - 49 = q - 5*q, 2*q + 4*s - 20 = 0. Let v be (-1)/(q/18)*28/3. Let g = v + 23. What is the remainder when 61 is divided by g?
7
Let c(u) = -4*u**3 + u**2 + u. Let l be 6/(-8) - 14/(504/(-3987)). Suppose -114*w = -l*w - 76. Calculate the remainder when c(-2) is divided by w.
15
Suppose -740 = -4*a - 2*n, 4*a = -n - 47 + 785. Calculate the remainder when a is divided by 41.
20
Let u(k) = -50*k - 127. What is the remainder when 99 is divided by u(-3)?
7
Calculate the remainder when -6 + 21 + 70 + 2*(-1)/(-2) is divided by (2/1 + 5)*1.
2
Let q = 183 - 114. Let j = -37 + q. What is the remainder when (j/(-3))/4*(-3)/2 is divided by 3?
1
Suppose 0 = -36*h - 19 + 91. Calculate the remainder when 33/h*132/9 is divided by 27.
26
Let z be (6/(-27))/((1/9)/(-1)). Suppose 0 = 5*g + z*j - 12 - 249, -4*j = -4*g + 220. What is the remainder when 210 is divided by g?
51
Suppose 41*u - 13607704 = 11*u - 448*u. Calculate the remainder when u is divided by 219.
217
Suppose -5*j = 2*u - 53, -2*u + 4*u = j + 83. What is the remainder when 48/14 + -3 + (-96760)/(-280) is divided by u?
34
Let z(x) = x**3 - 3*x**2 - 2*x - 1. Let d be 1667040/(-1040) - 1/13. Let a = d - -1631. What is the remainder when a is divided by z(4)?
0
Suppose -2*k + 427 = -5*r + 22, -k = 2*r - 225. What is the remainder when k is divided by 85?
45
Calculate the remainder when 16/6*(